Let n be k(-18). Let b(p) = -p**2 + 7*p - 11 - 1 + 5*p. Let h be b(n). What is the highest common factor of 165 and h?
15
Let v be 1122/4*(-15)/((-540)/96). Let r = v - 716. Calculate the highest common factor of r and 104.
8
Let y = -9724 + 9752. What is the greatest common divisor of 3402 and y?
14
Suppose 1868 + 442 = 70*h. Calculate the highest common factor of h and 407.
11
Let y be (174962/15 - 2) + (-112)/840. Calculate the highest common divisor of y and 49.
49
Let d be (-98 - -22)*9/(-4). Suppose -20 = 5*a, -a = -3*y + 78 - 5. Let o = y - 4. What is the greatest common factor of o and d?
19
Let o = 10591 + -9865. What is the greatest common divisor of 18 and o?
6
Suppose 0 = 13*a - 8*a - 60. Let o be (-10)/(325/(-60) - -5). What is the highest common factor of a and o?
12
Let d = 3231 - 3157. What is the greatest common divisor of d and 3922?
74
Suppose -2*o = -9*o + 35. Suppose 0 = -10*f + o*f + 45. Suppose -4*w - 40 = -f*w. Calculate the highest common factor of w and 12.
4
Suppose 0 = -15*v - 0 + 60. Suppose 3*k - 3*m - 6 = 0, 0 = -v*k + 3*k + 2*m - 2. What is the greatest common factor of k and 16?
2
Let h be 6/7*(30 - -12). Let y = 99 + h. Suppose -3*j + 225 = -3*a, -2*j + 0*a - a = -y. What is the greatest common factor of j and 10?
10
Suppose 4*u = o - 748, 20*o - 2*u + 3046 = 24*o. Calculate the greatest common divisor of 5130 and o.
190
Let r be 102/5 - 456/(-760). Calculate the greatest common divisor of 112 and r.
7
Let z be (6783/19)/(-17)*-2. What is the greatest common divisor of 231 and z?
21
Let p be (-15)/(-18) - (-13)/(624/20984). What is the highest common divisor of 6278 and p?
146
Let g be (11 - -9)/(-1 - (-10)/14). Let a be (4 - (g/(-4))/1)*-2. What is the highest common factor of a and 351?
27
Suppose 0 = -26*o - 208*o + 3276. Let z = 130 + 52. What is the highest common factor of z and o?
14
Suppose -36*m = -4*f - 37*m + 327, -m = -5*f + 402. Suppose -2*l = -f + 61. What is the greatest common factor of 410 and l?
10
Let h = -293 - -655. Let z = 371 - h. What is the highest common factor of z and 207?
9
Let g(c) = 163*c**2 + 5*c + 6. Let v be g(-1). Let a = -139 + v. Calculate the greatest common factor of a and 200.
25
Let k = 16 - 55. Let b = -36 - k. Suppose -28 = -b*j + 44. What is the highest common divisor of j and 6?
6
Suppose 0 = 3*h + 15, 5 = j + 3*h + 11. Let d(a) = a**3 - 6*a**2 - 12*a + 35. Let n be d(j). Calculate the highest common divisor of n and 10.
10
Let k = 122 + -65. Suppose -2*s + 94 - 26 = 3*u, -2*u + s = -k. Suppose 177*n - 1422 = 141*n + 3258. What is the highest common divisor of u and n?
26
Suppose -16*b = -18*b + 504. Let l = b - 240. Let j be ((-8)/12)/(1/(-36)). What is the greatest common divisor of l and j?
12
Let p(r) = -81*r - 984. Let b be p(-20). What is the highest common divisor of 84 and b?
12
Suppose -22*v + 19*v = 20*v - 115. What is the highest common divisor of v and 4570?
5
Let d(p) = -3 + 31*p - 14 - 18*p. Let o be d(5). Let h = 49 - o. Calculate the highest common divisor of 3 and h.
1
Let z be 4 - (0 + 6) - 26/2. Let b be (z/(-5) - -343)/2. Suppose 3*d - 93 = -3*k, -4*d + 4*k = d - b. What is the highest common divisor of d and 99?
33
Suppose 0 = 2*i - 12, 4*i - 244 = 2*q - 1162. What is the highest common factor of q and 15?
3
Let z(g) = 3*g**2 - 14*g - 13. Let x be z(-10). Suppose 125*k = 115*k + 610. Calculate the highest common divisor of k and x.
61
Let g be (3 - 10/4) + (-28737)/(-62). Suppose g + 16 = 12*p. Calculate the highest common divisor of 140 and p.
20
Suppose 4*x - 16 = -0*x. Suppose -11 = -3*k + 3*a - x*a, 4 = 2*a. Suppose 2*o + 2*h = k*h + 30, 3*h = -5*o + 64. What is the greatest common factor of o and 7?
7
Let k(h) = h**3 - 3*h**2 - 69*h + 34. Let r be k(-7). Calculate the highest common divisor of 15 and r.
3
Let k(o) = 3*o**2 - 476. Let u(c) = c**2. Let y(r) = k(r) - 4*u(r). Let s be y(0). Let d = s - -701. What is the greatest common divisor of d and 90?
45
Let z = -153 + 164. Suppose -3*i + z*d + 103 = 16*d, -3*i + 2*d + 110 = 0. What is the highest common divisor of i and 48?
12
Let k(i) = 46*i**2 + 134*i + 3. Let h be k(-3). What is the highest common factor of h and 2940?
15
Let p be (-51)/((-2)/(3*2)). Suppose -32752*i + 32775*i = -361 + 5053. What is the highest common factor of i and p?
51
Let w be 245*(80/25 + -3). Suppose 0 = 5*c + 19 - w. What is the greatest common factor of c and 8?
2
Suppose 0 = 22*t - 2581 - 719. Suppose t = -16*w + 21*w. Calculate the highest common factor of 10 and w.
10
Let o(l) = 2136*l + 236. Let u be o(3). What is the highest common factor of 44 and u?
44
Let y be -1 - 85/(-95) - 234/(-57). Suppose -190 = y*m - 1086. Let w = -6 + 34. Calculate the highest common divisor of w and m.
28
Suppose 18*z - 61691 = 45445. What is the greatest common divisor of 12 and z?
12
Let z = 672 + 610. Calculate the highest common factor of 8 and z.
2
Suppose 5*y - 3*y = 4*v - 10, 0 = 4*y + 4*v - 16. Suppose -17 = -2*l + 3*i, 5*i - 6 + y = 0. What is the greatest common divisor of l and 10?
10
Suppose 14 = o + 2*h, 5256*h - 51 = -3*o + 5251*h. Suppose -2*z - z + 792 = 0. Calculate the greatest common divisor of z and o.
8
Let f(u) = u**3 - 136*u**2 + 131*u + 544. Let n be f(135). Calculate the highest common divisor of n and 286.
2
Let g be (1564/(-161) - (-2)/(-7))*-9. Suppose -3*t - p + 3*p + 120 = 0, 2*t = -2*p + g. Calculate the greatest common divisor of 56 and t.
14
Let n(m) = 12*m**2 - 4*m - 1. Let j be n(4). Suppose -205*q - 2*z - 95 = -208*q, 30 = q - z. What is the highest common factor of j and q?
35
Suppose 10*l = 27*l - 51. Suppose -373 = -5*x + l*i - 39, 245 = 4*x + 5*i. What is the greatest common divisor of x and 26?
13
Suppose -29*y + y + 8 = -48. Suppose 3*r - d = -3*d + 22, 3*d = -3*r + 18. Let t = 24 - r. Calculate the greatest common factor of t and y.
2
Let u = -94 - -99. Suppose u*a - 102 = -132. Let g be (8/(-20))/(a/105). Calculate the greatest common divisor of 7 and g.
7
Let m be 45494/602 - (-8)/(-14). Let v(x) = -65*x. Let g be v(-5). What is the greatest common factor of g and m?
25
Suppose 98*u + 17244 = 144154. Calculate the highest common factor of 140 and u.
35
Let m(d) = -d**2 + 4*d + 12. Let q be m(7). Let x be 6 + q - (-1 + 2). Let j be (x/1)/(6/(-15)). Calculate the greatest common divisor of 70 and j.
10
Let h = 6911 - 6271. Calculate the greatest common divisor of h and 10.
10
Suppose 1029*p - 1024*p = 35. Let v(g) = -g + 35. Let k be v(0). What is the greatest common divisor of p and k?
7
Let w = -166 + 168. Suppose 5*p - w - 58 = 0. What is the greatest common factor of 44 and p?
4
Suppose 2*m = -3*k + 13 + 6, 18 = k + 3*m. Let c be (9*1)/(k/22). Suppose 397*x + 21*x = 9196. What is the highest common factor of c and x?
22
Let o be -1 + 33/21 - 423838/(-511). Let d = 840 - o. Suppose -3*q = -2*p - 82, -2*q + 7*q - 3*p - 138 = 0. What is the highest common divisor of q and d?
10
Let h(d) = 7*d**3 + 687*d**2 - 11*d - 126. Let q be h(-98). Calculate the highest common divisor of 1820 and q.
364
Suppose 32*s - 29*s + 4*l - 2865 = 0, -s + 4*l + 939 = 0. Calculate the highest common factor of 27 and s.
3
Suppose 360 = 5*w + 7*j - 2*j, 4*j + 12 = 0. Let x be (85/(-15) - 2)/(1/9). Let l = x + w. Calculate the greatest common factor of 78 and l.
6
Let g(s) = 73*s + 17. Let k(x) = -41*x - 8. Let j(n) = -3*g(n) - 5*k(n). Let c = -11 + 8. Let b be j(c). What is the greatest common divisor of 279 and b?
31
Let r = 5107 - 5056. Calculate the greatest common divisor of r and 10149.
51
Suppose -93*k = -89 - 2608. What is the highest common factor of k and 319?
29
Let y = -206 + 112. Let d be (-2)/(5 - y/(-18)). What is the greatest common factor of d and 18?
9
Suppose 2*a + 3275 = -4*a + 7*a. What is the greatest common divisor of 25 and a?
25
Suppose -107*o - 2180 = -5907 - 5047. What is the greatest common divisor of 2542 and o?
82
Let j be 0 - (-1)/4 - (-12709)/284. Let x = j - 40. Suppose -2*h = 2*r + r - 256, -2*r = x*h - 156. What is the highest common factor of 11 and r?
11
Suppose 0 = -123*v + 127*v + 32. Let r(k) = k**3 + 9*k**2 - 2*k - 56. Let c be r(v). What is the greatest common factor of c and 16?
8
Let u = 2999 + -2988. Calculate the highest common divisor of 33 and u.
11
Let h(t